{"id":64,"date":"2021-01-24T23:45:49","date_gmt":"2021-01-24T22:45:49","guid":{"rendered":"http:\/\/saintongequejaime.fr\/?page_id=64"},"modified":"2021-12-03T12:15:34","modified_gmt":"2021-12-03T11:15:34","slug":"episodes","status":"publish","type":"page","link":"https:\/\/saintongequejaime.fr\/?page_id=64","title":{"rendered":"Episodes"},"content":{"rendered":"\n<figure class=\"wp-block-embed-wordpress wp-block-embed is-type-wp-embed is-provider-ausha\"><div class=\"wp-block-embed__wrapper\">\n<iframe class=\"wp-embedded-content\" sandbox=\"allow-scripts\" security=\"restricted\" title=\"Fenioux\" frameborder=\"0\" height=\"700px\" width=\"320px\" src=\"https:\/\/player.ausha.co\/index.html?showId=yk9aKSVQKMVZ&#038;display=vertical&#038;color=%2372238e&#038;playlist=true&#038;v=3&#038;playerId=ausha-fDCQ#?secret=ZaRzQE4MZ9\" data-secret=\"ZaRzQE4MZ9\"><\/iframe>\n<\/div><\/figure>\n\n\n\n<p>L&#8217;ensemble des \u00e9pisodes sont accessibles en suivant ce lien : <a href=\"https:\/\/podcast.ausha.co\/saintonge-que-j-aime\">https:\/\/podcast.ausha.co\/saintonge-que-j-aime<\/a><\/p>\n\n\n\n<p>Pensez \u00e0 vous abonner au podcast via votre plateforme d&#8217;\u00e9coute pr\u00e9f\u00e9r\u00e9e de mani\u00e8re \u00e0 recevoir automatiquement les nouveaux \u00e9pisodes dans votre lecteur de podcast.<\/p>\n\n\n\n<p>Bonne \u00e9coute et bonne d\u00e9couverte de la Saintonge et de Saintonge que j&#8217;aime.<\/p>\n\n\n\n<p>Et aussi, n&#8217;h\u00e9sitez pas \u00e0 noter le podcast et \u00e0 me laisser un commentaire. Au plaisir de vous lire.<\/p>\n","protected":false},"excerpt":{"rendered":"<p>L&#8217;ensemble des \u00e9pisodes sont accessibles en suivant ce lien : https:\/\/podcast.ausha.co\/saintonge-que-j-aime Pensez \u00e0 vous abonner au podcast via votre plateforme d&#8217;\u00e9coute pr\u00e9f\u00e9r\u00e9e de mani\u00e8re \u00e0 recevoir automatiquement les nouveaux \u00e9pisodes dans votre lecteur de podcast. Bonne \u00e9coute et bonne d\u00e9couverte de la Saintonge et de Saintonge que j&#8217;aime. Et aussi, n&#8217;h\u00e9sitez pas \u00e0 noter le &hellip; <\/p>\n<p class=\"link-more\"><a href=\"https:\/\/saintongequejaime.fr\/?page_id=64\" class=\"more-link\">Continue reading<span class=\"screen-reader-text\"> &#8220;Episodes&#8221;<\/span><\/a><\/p>\n","protected":false},"author":1,"featured_media":0,"parent":0,"menu_order":0,"comment_status":"closed","ping_status":"closed","template":"","meta":[],"_links":{"self":[{"href":"https:\/\/saintongequejaime.fr\/index.php?rest_route=\/wp\/v2\/pages\/64"}],"collection":[{"href":"https:\/\/saintongequejaime.fr\/index.php?rest_route=\/wp\/v2\/pages"}],"about":[{"href":"https:\/\/saintongequejaime.fr\/index.php?rest_route=\/wp\/v2\/types\/page"}],"author":[{"embeddable":true,"href":"https:\/\/saintongequejaime.fr\/index.php?rest_route=\/wp\/v2\/users\/1"}],"replies":[{"embeddable":true,"href":"https:\/\/saintongequejaime.fr\/index.php?rest_route=%2Fwp%2Fv2%2Fcomments&post=64"}],"version-history":[{"count":7,"href":"https:\/\/saintongequejaime.fr\/index.php?rest_route=\/wp\/v2\/pages\/64\/revisions"}],"predecessor-version":[{"id":91,"href":"https:\/\/saintongequejaime.fr\/index.php?rest_route=\/wp\/v2\/pages\/64\/revisions\/91"}],"wp:attachment":[{"href":"https:\/\/saintongequejaime.fr\/index.php?rest_route=%2Fwp%2Fv2%2Fmedia&parent=64"}],"curies":[{"name":"wp","href":"https:\/\/api.w.org\/{rel}","templated":true}]}}